t**3 - 5*t**2 - 2*t - 6. Suppose 5*o = 45 + 35. Suppose -2*c - 2*i + o = 0, 5*c = -4*i + 18 + 19. Calculate d(c).
-16
Let o(t) = 5*t - 12*t + 8*t. Let s = 81 + -76. Give o(s).
5
Let i = 47 - 80. Let o = i + 80. Let z = 49 - o. Let b(l) = -l**3 + l**2 - 3*l + 1. Give b(z).
-9
Suppose 39 = 3*x - 3*d, 2*d = -2*x - 2*x + 22. Suppose 1 = -5*m + 11, 0 = n + 3*m - x. Let s(j) = -j**2 + 2*j + 1. Determine s(n).
1
Let b(n) be the second derivative of -4 + 6*n - 6*n**2 - 1/2*n**3. Calculate b(-8).
12
Let k = -2464 - -2474. Let q(d) = -d**3 + 10*d**2 + 5*d - 16. Give q(k).
34
Let s(n) = 77*n + 78. Let o be s(-1). Let l(t) = 6*t**2 - 12*t + 11. What is l(o)?
5
Let c(k) = k**2 - 5*k + 2. Let d be 31/((-434)/140)*2/(-4). Give c(d).
2
Let x(w) be the third derivative of 9*w**2 + 1/60*w**5 - 13/24*w**4 + 0*w**3 + 1/240*w**6 + 0*w + 0. Let v(o) be the second derivative of x(o). Calculate v(-2).
-4
Let t(v) = -2*v + 1. Let w = -428 + 396. Let n be (-56)/w - (-6)/(-8). Give t(n).
-1
Let n(b) = b**3 - 10*b**2 - 3*b + 11. Suppose 0 = -1979*m + 1970*m + 72. What is n(m)?
-141
Let t = -391 - -503. Suppose -4*v - t = 12*v. Let s(p) = p - 4. What is s(v)?
-11
Let n(x) be the third derivative of -x**6/120 - x**5/5 + x**4/12 + 5*x**3/3 + 248*x**2 + 2*x. Calculate n(-12).
-14
Suppose -68*c - 254*c = 966. Let f(r) = -10. Let v(p) = -p - 19. Let y(j) = 5*f(j) - 3*v(j). Give y(c).
-2
Suppose 0 = 5*x - 3*b - 24, -x + 70 = -3*b + 46. Let q(h) be the third derivative of x*h - 2/3*h**3 - 1/24*h**4 - 21*h**2 + 0. Give q(-5).
1
Suppose -219*p + 342 = -181*p. Let y(x) = -10*x + 23. Determine y(p).
-67
Let f(j) be the third derivative of -j**7/2520 - j**6/720 + 19*j**5/30 + 18*j**2 + j. Let c(y) be the third derivative of f(y). What is c(3)?
-7
Let s(m) be the third derivative of m**6/120 - m**5/30 + m**4/8 - 5*m**3/3 - 1391*m**2. Determine s(3).
8
Let v(k) = -k**2 + 3*k - 3. Let i be v(3). Let b(r) be the second derivative of r**4/6 - r**3/6 - r**2/2 + 32440*r. Calculate b(i).
20
Suppose -4 = -t + v, t - 22 + 8 = -v. Let m(f) be the third derivative of f**4/24 - f**3 - 149*f**2 + f + 12. What is m(t)?
3
Let l(q) = -2*q**3 - 3*q**2 + q + 1. Let v(r) = r**2 + r - 41. Suppose -5*c + 0*c - 21 = -h, -4*c = -3*h + 30. Let m be v(h). Determine l(m).
-3
Suppose -3*t + 770 = -73*t. Let o(y) = -6*y - 35. Give o(t).
31
Suppose 2*q = 5*z + 93, 35*q = 5*z + 34*q + 94. Let t(d) = -5*d + 3*d - 15 - 23. Determine t(z).
0
Let p(c) be the third derivative of 16*c**2 + 1/120*c**6 + 0*c**3 + 1/60*c**5 - 1/24*c**4 + 2 + 0*c. Calculate p(0).
0
Let k(c) = -3*c**2 + c + 24. Suppose -898*o = -922*o - 72. What is k(o)?
-6
Let a(g) = -87*g + 2692. Let w be a(31). Let c(l) = -l**2 - 10*l - 33. Determine c(w).
-8
Let h(q) = 4*q**2 + q + 10. Let y(f) = -9*f**2 - 5*f - 20. Let r(d) = -7*h(d) - 3*y(d). Calculate r(4).
6
Let r(n) = -5*n + 51. Suppose 62*f - 243 = 40 + 213. Give r(f).
11
Let o(s) = -s**3 + 9*s**2 + 8*s + 20. Let q = -467 + 488. Suppose 100 = -q*r + 31*r. Determine o(r).
0
Let f(w) = w**3 - 3*w**2 - 13*w - 7. Let s be f(-2). Let q(d) = d + 21*d + 4*d - 1 + 5*d. What is q(s)?
-32
Let k(m) = -4792*m + 2394*m - 446 + 2348*m. Let t be k(-9). Let c(b) = b. Let g(p) = 2*p - 1. Let o(v) = -5*c(v) + 3*g(v). Calculate o(t).
1
Let g(r) = 12*r - 5. Let t(u) = -7*u + 1. Let b(c) = -6*g(c) - 11*t(c). Determine b(9).
64
Suppose 2*q + 22 = -4*j, -q + 3*j = -5*q - 24. Suppose -137 + 9 = 64*d. Let h = d + q. Let t(m) = m**3 + 5*m**2 - 3*m - 7. Determine t(h).
8
Let r(x) = x**3 + 5*x**2 + 5*x + 3. Let p = 260 - 144. Let c = p + -121. What is r(c)?
-22
Let l(q) be the first derivative of 2*q**3/3 + 9*q**2 - 38*q + 5701. Give l(-11).
6
Let j(u) be the second derivative of -11*u**4/12 - 2*u**3/3 - 5*u**2/2 - 28*u. Let z(y) = 34*y**2 + 13*y + 17. Let l(x) = 7*j(x) + 2*z(x). Calculate l(-1).
-8
Let z(j) = -j**2 - 56*j + 4. Let p(l) = 2*l**2 + 80*l - 6. Let n(t) = -2*p(t) - 3*z(t). What is n(0)?
0
Let r(c) = 269 - 267 - 5*c**2 + 81*c - c**2 - 100*c. What is r(-2)?
16
Let s(f) = -1 - f**2 + 3*f**2 + 2*f**2. Suppose 2*q = -2*w + 6, 4012*w - 5*q = 4013*w - 11. Calculate s(w).
3
Let s = 50 + -43. Let p(b) = 100*b + 93*b + s - 195*b. Let x = 5 - -3. Calculate p(x).
-9
Let j(i) = -9 - 4*i - 2*i**2 - 3 + 28 - 9 + 0*i**2. What is j(-4)?
-9
Let w(j) = j**2 + 2*j + 1. Let c(n) = -n**2 - 3*n - 1. Suppose -4*x = -13 - 19. Let r = x - 14. Let u(k) = r*w(k) - 5*c(k). Give u(4).
-5
Let t(d) = d**3 - 51*d**2 + 98*d. Suppose 44*z - 1920 = 991 - 755. Determine t(z).
0
Let a(l) = l**3 - 12*l**2 - 16*l + 18. Suppose -9005*w + 8953*w = -676. Give a(w).
-21
Let w(g) = 6*g**2 - 49*g - 13. Let i be w(8). Let o be -2 + (-7)/(i/(-24)). Let z(p) = p**3 + 10*p**2 + 8. What is z(o)?
8
Suppose 0 = 54*b + 1714 - 1336. Let c(f) = 2*f + 20. Let d(i) = 2*i + 21. Let o(u) = 4*c(u) - 3*d(u). Calculate o(b).
3
Let x be 132/18 + 2/3. Let c(a) = 5 - 5 - a**2 + 4 - x*a. Suppose 4 = -v - k, -v - 4*k + 24 = 16. What is c(v)?
4
Let m(u) = 751*u - 751*u - u**2 + 2. Determine m(-2).
-2
Let r(v) = -2*v**3 - 6*v**2 - 11*v - 8. Let m be (2 - -4) + (1 - 0)*464/(-58). Determine r(m).
6
Let v(z) = z**2 + 15*z - 7. Suppose -2*j + 44 - 12 = 4*l, 24 = 3*l - 3*j. Suppose l*o = 337 - 457. Give v(o).
-7
Let k(o) = -2*o**3 + o**2 + o + 1. Let g(f) = -f**2 + 12*f - 10. Let v be g(10). Let u = -35 - -43. Suppose y - v = -u. Give k(y).
-9
Let b(p) = -7*p - 17. Let v(r) = 45*r + 120. Let j(t) = -20*b(t) - 3*v(t). Determine j(0).
-20
Let t(j) be the third derivative of j**5/60 + 7*j**4/12 + 7*j**3/2 - 8*j**2. Calculate t(-10).
-19
Let s(x) be the third derivative of x**3/3 + x**2 + 17*x. Let h(v) = v - 3. Let l(i) = -4*h(i) - s(i). What is l(7)?
-18
Let q(b) be the third derivative of b**6/120 + b**5/60 + b**4/8 + b**3/3 - 71*b**2 - 8. Suppose 5*y + 7 + 3 = 0. Give q(y).
-8
Suppose 0 = 2*y, -5*x + x - 4 = 4*y. Let g(k) be the first derivative of 0*k + 0*k**2 - 1/3*k**3 + 11 - 3/4*k**4. Determine g(x).
2
Let a(r) be the first derivative of r**6/60 - r**5/30 + r**4/12 + r**3/2 + 29*r**2/2 + 33. Let t(f) be the second derivative of a(f). Give t(-2).
-25
Let x = 38 + -35. Suppose 0 = -x*l - 9, 8 = 5*i - 0*l + 4*l. Let z(p) = 5 + 0*p - p - 3*p + 6*p. Calculate z(i).
13
Let g(d) be the third derivative of -d + 0 - 24*d**2 + 1/6*d**3 - 5/24*d**4. Let c = 3 - 2. Determine g(c).
-4
Let s(q) = -q**2 - 2*q. Let m(v) = -v**2 + 3*v. Let h(a) = -m(a) + 2*s(a). Let x(g) = g**2 - 184*g - 1343. Let y be x(-7). What is h(y)?
6
Let w(n) = 3*n - 25. Let r(d) be the third derivative of -11*d**4/6 - 35*d**3 - 44*d**2 + 2*d. Let o be r(-5). Calculate w(o).
5
Let g = 7682 + -7683. Let x(q) = -5*q**3 - q**2 + 1. Calculate x(g).
5
Let h(r) = -13*r**3 - r**2 - r - 2. Let c = -1512 + 1510. What is h(c)?
100
Let h(w) = -4*w + 7. Let z(o) = -13*o - 3. Let t(f) = -64*f - 14. Let q(g) = 2*t(g) - 11*z(g). Let n be q(2). Let p = -30 + n. Calculate h(p).
-13
Suppose 274*l = 266*l - 72. Let b(z) = z**3 - 816*z**2 + 408*z**2 - 2*z - 11 + 417*z**2. What is b(l)?
7
Let s(c) be the first derivative of -c**2 + 81 - c + 7/3*c**3. Let t = -9 - -8. What is s(t)?
8
Let a(r) be the second derivative of r**5/20 + 7*r**4/12 + r**3/3 - 3*r**2/2 - 2*r + 4. Determine a(-6).
21
Let j(w) = -2917*w + 5823*w + w**3 - 15 - 7*w**2 - 2913*w. Suppose 0 = -3*y - 8*y + 88. Determine j(y).
-7
Let n(b) = -b**2 - 218*b - 11307. Let d be n(-133). Let c(x) = 40*x**2 + 68*x + 3. Give c(d).
27
Let q = -3608 + 3605. Let p(h) be the third derivative of h**4/6 + 2*h**3/3 + h**2. Calculate p(q).
-8
Let r(u) = -u**3 - 12*u**2 - 10*u + 3. Let i be r(-9). Let o be (-7 - i/24)*24. Let t(g) = g**3 + 18*g**2 + 4. Determine t(o).
4
Let m(z) = 3*z**2 - 41*z + 40. Suppose 10*a - 43 = -90*a + 57. Give m(a).
2
Let d(j) = -5*j**2 + 36*j - 11. Let v = 24076 - 24069. Calculate d(v).
-4
Let w(t) be the second derivative of t**3/2 + 67*t**2/2 + 3*t + 353. What is w(-16)?
19
Suppose 6*o - 1 + 55 = 0. Let m be 6*((-3)/o - -1). Let n(t) = -4 + 7*t + m + 4 - t**2 - 3. What is n(7)?
5
Let i(h) = -h**3 + 5*h**2 + 5*h + 2. Let s = 2857 + -2852. Give i(s).
27
Let o = 4 + 13. Suppose 5 = -6*q + o. Let z(x) = 2*x**2 + 12 - 14 - 4*x - 4*x**q. Calculate z(-2).
-2
Let h(y) be the first derivative of y**2 - 26*y + 1040. What is h(0)?
-26
Suppose 618*z = 603*z - 75. Let r(w) = w*